*c**2 - 4*c - 1. Let q be l(4). Let m be q + -11 + -15 + 14. Let o(b) = -6*b + 18. What is the units digit of o(m)?
6
Suppose 71*t + 9812 - 731120 = 160441. What is the hundreds digit of t?
4
Suppose -548640 = -127*j + 82*j. What is the thousands digit of j?
2
Let r = -4326 - -6652. What is the units digit of r?
6
What is the hundreds digit of (-6)/(-21) - ((-181896)/(-21))/(-8)?
0
Let g = -10 + 13. Suppose c - 1 = g. What is the units digit of (7 - 2) + (c - 2 - 4)?
3
What is the units digit of (-66 - -66) + 1/(-2)*-42?
1
Suppose 0 = -5*h + 2*w + 21, -w + 17 = 3*h - 0*h. Suppose h*g - 4471 = -12*g. What is the hundreds digit of g/2 + (-22)/(-44)?
1
What is the hundreds digit of -7 - ((-20)/(-30))/(5/(-36810))?
9
Suppose -15*u = -10*u - 4*t - 190482, -5*t + 190500 = 5*u. What is the tens digit of u?
9
What is the tens digit of 1292675/58 - (-2 + 2) - 4/8?
8
Let n = 66 - 64. Suppose 2*u = -2*m + m + 36, 2*m = n*u + 54. What is the units digit of 59/(-2)*m/(-15)?
9
Let n(c) = -131*c**3 - 10*c**2 + 2*c + 1. Let g be (-20)/12 + (70/21)/(-10). What is the units digit of n(g)?
5
What is the hundreds digit of (-1 - (-7)/5)*835/334 + 67873?
8
Suppose -29*f = -2309 - 68712. What is the tens digit of f?
4
Let i = 20520 - 10697. What is the thousands digit of i?
9
Suppose 3*a - 1203 - 30 = -3*j, -3*a = 2*j - 818. What is the tens digit of j/(19/(-38)*(-1 - 1))?
1
Let r(t) = -8 + 17 + 18 + 37*t - 2*t**2 + 9*t. What is the hundreds digit of r(20)?
1
Let k(q) = -2099*q + 1141. What is the thousands digit of k(-18)?
8
Let m(f) = f**2 + 25*f - 14. Let d be m(-23). Let u be 10/45 + d/27. What is the units digit of (84 - -1) + u + (-4 - -2)?
1
Let v be (-20 + -6 + 10)*-97. Suppose -4*r + v + 3112 = 0. What is the tens digit of r?
6
Suppose 157*s - 157919 = 153359 + 125653. What is the hundreds digit of s?
7
Suppose 275*s - 721523 = -179223. What is the hundreds digit of s?
9
Let o(w) = 2*w + 42. Let d(g) = 2*g + 43. Let h(l) = -5*d(l) + 6*o(l). Let n be h(-17). What is the units digit of (10*-2 - n)/((-1)/6)?
8
Let b be (-6)/(7 + 5)*-32. Let n(p) = -p**2 - 11*p - 11. Let h be n(-7). Suppose h*q = b*q + 3. What is the units digit of q?
3
Let q = 830 - 847. Let c(y) = -3*y**2 - 62*y - 36. What is the units digit of c(q)?
1
Suppose -14*y + 16 = -6*y. Let g(p) = p**2 - p - p**2 + 5*p**3 + 2*p**2 + 1. What is the units digit of g(y)?
7
Suppose -2*t = -1282 - 114. Suppose s + 148 - t = 0. Suppose -5*y + 5*h + 62 = -518, -h = 5*y - s. What is the units digit of y?
1
Let d be ((-420)/63)/((-1)/(-183)). Let h = -829 - d. What is the units digit of h?
1
Let g(j) = 4*j**2 + 112*j - 1010. What is the units digit of g(10)?
0
What is the tens digit of -4 + (0 - -3 - -8) - -12116?
2
Suppose -869*o + 872*o = 14115. What is the thousands digit of o?
4
Let h be (895/(-15))/(5/(-30)). Let g = 479 - h. What is the hundreds digit of g?
1
Let n(s) = 20*s - 19. Let d(c) = 19*c - 21. Let f(r) = 3*d(r) - 2*n(r). What is the units digit of f(22)?
9
Suppose 11 = -b + 5*f, -4*f + 29 = -5*b - 5*f. Let a(g) = -60*g + 48. What is the hundreds digit of a(b)?
4
Let l be ((-8)/14)/((-14)/49). Suppose -l*k + 13*k = -11. What is the hundreds digit of (k + 223)/(1 + 1)?
1
Let h = 36 + -35. Let f be ((8/20)/(-1))/(h/80). What is the units digit of ((-58)/(-8))/((-1)/f*2)?
6
Let j(f) = -37*f - 10. Let i be (-1)/(-3 - (22/7)/(-1)). What is the tens digit of j(i)?
4
What is the ten thousands digit of -4 - -1 - (-12019 - -1) - 5?
1
Let k = -299 - -340. Suppose 0 = -37*l + k*l - 1416. What is the hundreds digit of l?
3
Suppose -1696 = -2*p + 3*i, -12*p + 14*p = -3*i + 1708. Suppose -23*o + p = -966. What is the tens digit of o?
7
What is the tens digit of (6 + -66)*2*2653/(-56)?
8
Let i = -105 + -462. Let y = i - -890. What is the hundreds digit of y?
3
Let c = -2444 + 4147. Suppose -b - c = -5*b + 5*f, 4*b - 2*f - 1706 = 0. What is the units digit of b?
7
Let x be 108/20 + -6 + ((-5352)/30 - 4). Let i = -215 + 107. Let v = i - x. What is the tens digit of v?
7
Let m(k) = k**2 + 16*k - 1. Let g be m(-16). What is the hundreds digit of (-2 + g)*-1 - (-21 + -191)?
2
What is the thousands digit of 4*((-213)/(-30) - 7) - (-56966)/10?
5
Let v = 5370 + 2013. What is the hundreds digit of v?
3
Let z be 21/2 - (-24)/16. What is the units digit of 2168/z - 6/9?
0
Suppose 8*b = -5225 - 103. Let k = -304 - b. What is the hundreds digit of k?
3
Let d = -29879 - -61900. What is the hundreds digit of d?
0
Let b be 5 + 25 + -3 - -1. Let p = -27 + 54. Let y = b - p. What is the units digit of y?
1
Suppose 71706 = 3*m + 3*p, 8*p + p = 3*m - 71706. What is the tens digit of m?
0
Suppose -136*s - 166250 = -150*s. What is the thousands digit of s?
1
Let r be 534/16 + (-6)/16. Suppose -7*w = -18*w + r. Suppose 2*j - 6 = 0, -5*j = -w*p + 34 + 119. What is the units digit of p?
6
Suppose -8*w - 10931 = -15188 - 11975. What is the thousands digit of w?
2
Let x = 20 - 34. Let i(s) = s**2 + 11*s - 6. Let c be i(-7). Let j = x - c. What is the units digit of j?
0
Let a = -132 + -123. What is the units digit of ((-6)/(-2))/((-5)/a)?
3
Let k(r) = 3*r**2 + r - 3. Let o be k(1). Suppose -o - 2 = -a. Let z = a + 197. What is the tens digit of z?
0
Suppose -6 = -p, 3*f - 32978 - 64018 = -p. What is the thousands digit of f?
2
Suppose 3*x + 105 - 111 = 0. Suppose 2*w = -4*k + 632, x + 156 = k - 2*w. What is the units digit of k?
8
Let z = -300 + 1946. Suppose 0*b - 3*b + z = -4*a, -5*b + 2754 = -4*a. What is the tens digit of b?
5
Let a = 424 + 44. What is the hundreds digit of a - ((-28)/7 + 12)?
4
Let k(h) = h**3 - 2*h**2 + 81*h - 171. What is the units digit of k(19)?
5
Suppose -2*k - 5*w = -31571 + 4251, k + w - 13663 = 0. What is the ten thousands digit of k?
1
Suppose -2*s = 4*f - 17562, -4*s + 2950 = 4*f - 32162. What is the hundreds digit of s?
7
Let j(n) = -n**2 + 10*n - 30. Let l be j(6). Let r be (16/l)/((-12)/18). Suppose -r*p = 5*h - 371, 5 + 0 = -5*p. What is the tens digit of h?
7
Suppose 0 = -h + 1254 + 191. Suppose 3*u + 0*u = -5*n - 875, -5*u + 5*n = h. Let d = u - -509. What is the hundreds digit of d?
2
Let k(y) = -2*y**2 - 3*y + 0*y**2 - 20 + 15*y**3 + 35 - 17. Let d be k(-1). Let o(f) = -f + 48. What is the tens digit of o(d)?
6
Let d = 50 - 51. Let n = d + 8. Suppose -2*q = -2*z - 206, n*z - 4*z = q - 99. What is the tens digit of q?
0
Suppose -31*y = 199*y - 4*y - 2034. Let s(j) = -j**3 + 12*j**2 - 7*j - 7. Let t(v) = 1. Let l(a) = s(a) - 6*t(a). What is the units digit of l(y)?
7
Suppose 5*b + 0*b = -4840. Suppose -144*s + 142*s = 32. What is the tens digit of b/s - (3/2)/(-3)?
6
Let c(o) = -5*o + 8. Let k be c(-1). Suppose 3*d = k*d - 310. What is the units digit of d?
1
Suppose -20 = -5*x + 5*d, -2*x - 4*d - 1 = -15. Suppose 6 = 3*o + 3*m - 147, -4*o - x*m = -208. Suppose -g + o = -19. What is the tens digit of g?
6
Suppose 0 = i - 7 + 5. Let p(h) = -1 - 3*h + 14*h**i - 6*h**2 + 6*h**2. What is the tens digit of p(-2)?
6
Suppose -10546 - 1890 = -2*z. What is the thousands digit of z?
6
Suppose 8*n = -33*n + 180902 + 34717. What is the thousands digit of n?
5
What is the hundreds digit of ((-48378)/(-60) - (-1)/(-2))*10 + -1?
0
Suppose -21*l + 26*l = 13520. Suppose 10*f - 9*f + 4476 = 5*s, 3*s + 4*f = l. What is the tens digit of s?
9
Let f(j) = 44*j**2 + 19*j - 59. Suppose -a = -5*r - 14 + 16, -5*r = 3*a - 14. What is the units digit of f(a)?
4
Let u = 345 - 29. Let j = 980 - u. What is the hundreds digit of j?
6
Suppose 1943 = 26*s - 4323. What is the units digit of s?
1
Let u(d) = -55*d + 68. Let n be u(-5). Let g = n + -173. What is the tens digit of g?
7
Let i be (-28)/(-8) - (-3)/(-2). Let v(f) = f + 5*f**i + 4*f + 1 + 0 - 4*f**2. What is the tens digit of v(-9)?
3
Suppose 21*v + 21*v - 49218 = 16*v. What is the thousands digit of v?
1
Suppose -12*k = -6*k - 36. Suppose -5*q = 5*p - 35, -k*q = -q + 2*p - 20. Suppose -2*l + 6*l + 136 = q*v, -2*v + 157 = 3*l. What is the tens digit of v?
7
Let q(f) = 2*f**2 + 7*f + 8. Let h be q(-2). Suppose 0 = -h*s - k, 0*s = -3*s - 2*k. Suppose 0 = -4*y + 4*u + 240, 0 = u - 1 - s. What is the units digit of y?
1
Let k = 23294 + -13006. What is the units digit of k?
8
Let x(i) = -6*i + 17 - 5*i - 6*i + 6*i. Let q be x(2). What is the units digit of 94 - (-4 + -16)/q?